*w - 5*t - 34. Suppose 2*v - 74 = -4*s, 4*s + 4*v - 63 = 5. What is the remainder when s is divided by w?
6
Let l be ((-22)/3)/(2/3). Let p = l + 15. Suppose -s + 4*s = -5*u + 70, u + 4*s = 31. What is the remainder when u is divided by p?
3
Suppose 2*g = -2*g. Suppose g = -5*p - 0*p + 65. What is the remainder when p is divided by 5?
3
Let d = 71 - 67. What is the remainder when 33 is divided by d?
1
Let c(h) = -h**2 - 14*h - 2. Calculate the remainder when c(-6) is divided by 16.
14
Let k = 59 + -26. Let v = k + -20. Let j(o) = -o**3 - 8*o**2 + 7*o + 7. What is the remainder when j(-9) is divided by v?
12
Suppose 0 = -3*s - 3*q + 62 + 49, -87 = -3*s + 5*q. Suppose s = f + 4*h, -f + 0*h - h + 19 = 0. Calculate the remainder when 27 is divided by f.
13
Suppose -15*h = -927 - 138. Calculate the remainder when h is divided by 9.
8
Suppose 2*j = 5*n - 210, -5*n - 5*j = -2*n - 126. Let l = -21 + n. What is the remainder when 41 is divided by l?
20
Calculate the remainder when (120/90)/((-2)/(-6)) is divided by 3.
1
Let i = 41 + -25. What is the remainder when i is divided by 3?
1
Suppose 0 = -t + 4*q + 34, 95 = 5*t + 3*q - 8*q. Let d(f) = 2*f**2 + 3*f - 1. Calculate the remainder when t is divided by d(-3).
6
Suppose -4*w = s - 76, -3*s = 2*s + 20. Let v(g) = -g**3 - 3*g**2 + 5*g + 1. Calculate the remainder when 110/w*(1 - -13) is divided by v(-5).
25
Let d be (-771)/(-18) + 1/6. Let b = -20 + d. Calculate the remainder when b is divided by 8.
7
Let l(c) = -c**2 + 7*c - 2. Let p be l(6). Suppose p = -2*z + 20. Calculate the remainder when 22 is divided by z.
6
Suppose 2*p - 5*v + 1 = 0, -8 = -3*p - v - v. Suppose -i - 3*i = p*u - 72, 0 = -4*u. What is the remainder when i is divided by 5?
3
Suppose -4*a + 327 = 5*h - 36, 5*a + 90 = h. Calculate the remainder when h is divided by 13.
10
Let d(m) = -26*m - 2. What is the remainder when d(-1) is divided by 9?
6
What is the remainder when 63 is divided by -1 - 1/1*-17?
15
Suppose g + 5*v = 15, -3*g + 6*g - 4*v = 45. Let q = -8 + g. Let d(s) = -s**2 - 13*s + 7. What is the remainder when d(-12) is divided by q?
5
Calculate the remainder when (0 + 4 + -3)*53 is divided by 14.
11
Suppose 4*u + 12 = -l, 2*u + 34 = -4*l - 0*l. What is the remainder when (-121)/l - 13/104 is divided by 6?
3
Let f(a) = 2*a**3 + 2*a**2 + 2. Suppose -3*h + 59 = -67. Suppose 2*i + 3*z - 16 + 7 = 0, 5*i - h = -z. What is the remainder when f(2) is divided by i?
8
Let w(r) = -r**2 + 2*r + 3. Let t be w(3). Suppose -5*s + 4*g + 86 = t, 3*s - 92 = -2*s - 2*g. Calculate the remainder when 69 is divided by s.
15
Let z = -14 + 18. Suppose -50 + z = -2*u. Calculate the remainder when u is divided by 12.
11
Calculate the remainder when -3*53/(-3)*1 is divided by 19.
15
Let g(b) = 137*b + 1. What is the remainder when g(1) is divided by 28?
26
Let n be (-2)/15 - 51/(-45). Suppose 28 = 4*t + 4*g, 2*t - 3*g = t - 13. Suppose t*o = 9 + n. Calculate the remainder when 14 is divided by o.
4
Let g(o) = -2*o + 9. Let u be g(6). Let r(p) = 3*p**2 + 5*p + 2. What is the remainder when (18 + 2/1)*32/16 is divided by r(u)?
12
Let r(u) = -u**3 + 3*u**2 + u + 2. Calculate the remainder when r(3) is divided by 91/28 + 3/(-12).
2
Let l = -9 + 27. Calculate the remainder when 54 + (0 + 2)/(-1) is divided by l.
16
Suppose 0 = -0*m - 5*m. Suppose 4*w = 2*c + 44, 3*w - 30 = 3*c - m*c. Suppose -3*r + w = -54. What is the remainder when r is divided by 8?
6
Let r = -8 + 5. What is the remainder when ((-16)/5)/(r/30) is divided by 17?
15
Suppose -f + 2 = 5*z - 61, 3*z - 30 = 2*f. What is the remainder when 47 is divided by z?
11
Suppose y + 27 = 4*t, y = -2*t - 5 + 20. Calculate the remainder when t is divided by 5.
2
Let z(y) = -y**3 - 3*y**2 + 8*y + 3. Suppose 2*p + 50 = p + b, 65 = -p - 2*b. Let f = p + 93. Calculate the remainder when f is divided by z(-5).
12
Suppose -2*h - 43 + 157 = 0. Suppose -7*n + 10*n - h = 0. Calculate the remainder when n is divided by ((-8)/(-10))/((-4)/(-50)).
9
Suppose -10 = -5*o, b - 5 = -4*o + 3. Let z(j) = -j**2 - j - 2. Let l be z(b). Calculate the remainder when l + 2 + 0 + 8 is divided by 5.
3
Let o be (-1)/(2/34*-1). Suppose -t + 2*t = o. Calculate the remainder when t is divided by 10.
7
Let q = -20 + 33. Calculate the remainder when 64 is divided by q.
12
Let u(m) = 4*m**3. Calculate the remainder when 21 is divided by u(1).
1
Suppose 3*v - 11 = -4*l, 0 = -l - 3*l - 5*v + 13. Suppose 0*b = -2*b - 6. What is the remainder when 1 is divided by (-2)/(-6) - l/b?
0
Let l(p) = -14*p**3 - p**2 + 2*p + 4. What is the remainder when 43 is divided by l(-1)?
13
Suppose 0 = 5*u + 2*j - 3, 4*u - 8 = -0*u + 4*j. Suppose -u = z - 2, 0 = -3*f + 4*z + 32. What is the remainder when 23 is divided by f?
11
Let y = 130 - 91. Calculate the remainder when y is divided by 3*-10*(-4)/6.
19
Suppose 3*c - 16 = -u, 3*u - 2*c - 90 = 3*c. Suppose 5*p - 91 = r, r = -4*p + u + 55. Let t = 11 + 44. Calculate the remainder when t is divided by p.
17
Suppose -12 = -2*i + 6. What is the remainder when 2*(-3)/(-9)*24 is divided by i?
7
Let o = 38 + -32. What is the remainder when (0/(-2) - 0) + 21 is divided by o?
3
Suppose -5*p + 186 = j - 0*j, 4*j = 4. Let t(o) = o**2 + o - 10. Let q be t(-7). Let f = q + -19. What is the remainder when p is divided by f?
11
Suppose 0 = -2*p - 3*p + 10. Suppose -4*r = -p*r + 184. Calculate the remainder when 28 is divided by r/(-6) - 3/9.
13
Suppose 3*h - 113 = 13. Suppose -h = r - 7*r. Calculate the remainder when 12 is divided by r.
5
Suppose 4*l - 48 = -5*i, -2*i = i. Suppose -13 = 4*b - 41. What is the remainder when l is divided by b?
5
Let x(r) = -3*r - 10. Let m be x(-7). Let i = m + -6. Calculate the remainder when (7 - -4) + (0 - 2) is divided by i.
4
Suppose 4 = 4*w - 0*w. What is the remainder when 55 is divided by (-37 - w)*3/(-6)?
17
What is the remainder when 73 - -1 - (4 - 4)/(-8) is divided by 21?
11
Suppose 0 = 15*s - 11*s - 24. Calculate the remainder when (22/6)/((-2)/(-6)) is divided by s.
5
Suppose -44 = -4*h + 2*h. What is the remainder when h is divided by 8?
6
What is the remainder when (69/(-2))/(12/(-32)) is divided by 19?
16
Suppose 0*w + 5*w = 220. What is the remainder when w is divided by 9?
8
Let z = -8 - -30. Calculate the remainder when z is divided by 8.
6
Let i(v) = -4*v - 17. What is the remainder when 19 is divided by i(-6)?
5
Let k be ((-4)/(-4))/(2/14). Suppose k*l - 74 + 11 = 0. Calculate the remainder when 15 is divided by l.
6
Let g(d) = -2*d**3 - 19*d**2 - 10*d + 10. What is the remainder when 75 is divided by g(-9)?
18
Let z(f) be the first derivative of -f**4/4 - 2*f**3/3 + 3*f**2 + 3*f + 1. Calculate the remainder when 42 is divided by z(-4).
9
Let a(l) = 35*l**2 - 2*l + 1. Let s be (-2 + 2)/(2/2). Suppose 0 - 2 = 2*x, s = -5*r - 4*x + 86. Calculate the remainder when a(1) is divided by r.
16
Suppose -24 = -4*z + 2*v, -4*z + 2*v - 3*v = -24. What is the remainder when 10 is divided by z?
4
What is the remainder when 78 is divided by (-196)/(-10) + 2/5*1?
18
Suppose 4*k - 20 = -d + 2*k, d = 5*k - 15. Suppose -d = 5*w - 50. What is the remainder when 22 is divided by w?
6
Let c = 11 + -6. Suppose 4*i = -c + 89. Calculate the remainder when i is divided by 8.
5
Suppose -2*x = 2*x. Let s = x + 2. Suppose 9*u - 4*u - 10 = 0. Calculate the remainder when u is divided by s.
0
Suppose 0 = -4*x + v - 11, -x + 4*v - 5*v - 9 = 0. Let g = -5 - x. What is the remainder when 17 is divided by 0 + g + 8 + -1?
5
Let w(f) = f**3 + 4*f**2 + 4*f + 3. Let b be w(-3). Suppose -c + 31 = 5*h, b = -0*h + 3*h - 12. What is the remainder when 21 is divided by c?
10
Suppose w - 2*n - 96 = 0, -n = -3*n - 4. Calculate the remainder when w is divided by 24.
20
Suppose -2*c = -4*c + 84. Suppose 0 = 5*r + 2 - c. Calculate the remainder when 14 is divided by r.
6
Suppose w = -2*u + 7, 0*w - 4*w = -2*u - 8. Let k(s) = s**2 - s - 2. Calculate the remainder when u/11 + (-375)/(-55) is divided by k(-2).
3
What is the remainder when 2 is divided by (-3)/(-21) - 13/(-7)?
0
Suppose -3*p = -2*z + 23, -2*p - 15 = -2*z + 7. What is the remainder when 29 is divided by z?
9
Let n(v) = -v**3 - 8*v**2 + v + 11. Let a be n(-8). Suppose -4*h - 26 = -j, -4*h - 48 = -a*j - 2. What is the remainder when 19 is divided b